{"id":32864,"date":"2024-02-10T16:41:21","date_gmt":"2024-02-10T16:41:21","guid":{"rendered":"https:\/\/werentmarbella.com\/real-estate\/apartamento-de-lujo-de-3-dormitorios-en-primera-linea-de-playa-en-marbella\/"},"modified":"2024-10-02T17:07:08","modified_gmt":"2024-10-02T17:07:08","slug":"apartamento-de-lujo-de-3-dormitorios-en-primera-linea-de-playa-en-marbella","status":"publish","type":"real-estate","link":"https:\/\/werentmarbella.com\/es\/bienes-ra\u00edces\/apartamento-de-lujo-de-3-dormitorios-en-primera-linea-de-playa-en-marbella\/","title":{"rendered":"Apartamento de lujo de 3 dormitorios en primera l\u00ednea de playa en Marbella"},"content":{"rendered":"\n<p>A tan solo un breve paseo de la playa de El Faro y a tan solo 500 metros de la playa de La Bajadilla, descubra el ep\u00edtome del lujo costero en el lujoso apartamento de 3 dormitorios frente al mar en Marbella. Con una terraza y un balc\u00f3n con acceso directo a la playa, esta propiedad frente al mar es un para\u00edso para los amantes del mar. Situado a solo 700 metros del centro de la ciudad y a unos pasos de la playa de Venus, ofrece comodidad y serenidad.  <\/p>\n\n<p><\/p>\n","protected":false},"author":1,"featured_media":30989,"template":"","meta":{"bedrooms":"3","bathrooms":"2","size":"110","plot":"","property-gallery":["https:\/\/werentmarbella.com\/wp-content\/uploads\/2024\/02\/Luxury-3-Bed-Beachfront-Apartment-in-Marbella-26.jpg","https:\/\/werentmarbella.com\/wp-content\/uploads\/2024\/02\/Luxury-3-Bed-Beachfront-Apartment-in-Marbella-25.jpg","https:\/\/werentmarbella.com\/wp-content\/uploads\/2024\/02\/Luxury-3-Bed-Beachfront-Apartment-in-Marbella-16.jpg","https:\/\/werentmarbella.com\/wp-content\/uploads\/2024\/02\/Luxury-3-Bed-Beachfront-Apartment-in-Marbella-13.jpg","https:\/\/werentmarbella.com\/wp-content\/uploads\/2024\/02\/Luxury-3-Bed-Beachfront-Apartment-in-Marbella-3.jpg","https:\/\/werentmarbella.com\/wp-content\/uploads\/2024\/02\/Luxury-3-Bed-Beachfront-Apartment-in-Marbella-21.jpg","https:\/\/werentmarbella.com\/wp-content\/uploads\/2024\/02\/Luxury-3-Bed-Beachfront-Apartment-in-Marbella-22.jpg","https:\/\/werentmarbella.com\/wp-content\/uploads\/2024\/02\/Luxury-3-Bed-Beachfront-Apartment-in-Marbella-29.jpg","https:\/\/werentmarbella.com\/wp-content\/uploads\/2024\/02\/Luxury-3-Bed-Beachfront-Apartment-in-Marbella-6.jpg","https:\/\/werentmarbella.com\/wp-content\/uploads\/2024\/02\/Luxury-3-Bed-Beachfront-Apartment-in-Marbella-2.jpg","https:\/\/werentmarbella.com\/wp-content\/uploads\/2024\/02\/Luxury-3-Bed-Beachfront-Apartment-in-Marbella-4.jpg","https:\/\/werentmarbella.com\/wp-content\/uploads\/2024\/02\/Luxury-3-Bed-Beachfront-Apartment-in-Marbella-12.jpg","https:\/\/werentmarbella.com\/wp-content\/uploads\/2024\/02\/Luxury-3-Bed-Beachfront-Apartment-in-Marbella-28.jpg","https:\/\/werentmarbella.com\/wp-content\/uploads\/2024\/02\/Luxury-3-Bed-Beachfront-Apartment-in-Marbella-17.jpg","https:\/\/werentmarbella.com\/wp-content\/uploads\/2024\/02\/Luxury-3-Bed-Beachfront-Apartment-in-Marbella-11.jpg","https:\/\/werentmarbella.com\/wp-content\/uploads\/2024\/02\/Luxury-3-Bed-Beachfront-Apartment-in-Marbella-10.jpg","https:\/\/werentmarbella.com\/wp-content\/uploads\/2024\/02\/Luxury-3-Bed-Beachfront-Apartment-in-Marbella-7.jpg","https:\/\/werentmarbella.com\/wp-content\/uploads\/2024\/02\/Luxury-3-Bed-Beachfront-Apartment-in-Marbella-19.jpg","https:\/\/werentmarbella.com\/wp-content\/uploads\/2024\/02\/Luxury-3-Bed-Beachfront-Apartment-in-Marbella-1.jpg","https:\/\/werentmarbella.com\/wp-content\/uploads\/2024\/02\/Luxury-3-Bed-Beachfront-Apartment-in-Marbella-18.jpg","https:\/\/werentmarbella.com\/wp-content\/uploads\/2024\/02\/Luxury-3-Bed-Beachfront-Apartment-in-Marbella-24.jpg","https:\/\/werentmarbella.com\/wp-content\/uploads\/2024\/02\/Luxury-3-Bed-Beachfront-Apartment-in-Marbella-14.jpg","https:\/\/werentmarbella.com\/wp-content\/uploads\/2024\/02\/Luxury-3-Bed-Beachfront-Apartment-in-Marbella-5.jpg","https:\/\/werentmarbella.com\/wp-content\/uploads\/2024\/02\/Luxury-3-Bed-Beachfront-Apartment-in-Marbella-27.jpg","https:\/\/werentmarbella.com\/wp-content\/uploads\/2024\/02\/Luxury-3-Bed-Beachfront-Apartment-in-Marbella-23.jpg","https:\/\/werentmarbella.com\/wp-content\/uploads\/2024\/02\/Luxury-3-Bed-Beachfront-Apartment-in-Marbella-8.jpg","https:\/\/werentmarbella.com\/wp-content\/uploads\/2024\/02\/Luxury-3-Bed-Beachfront-Apartment-in-Marbella-9.jpg","https:\/\/werentmarbella.com\/wp-content\/uploads\/2024\/02\/Luxury-3-Bed-Beachfront-Apartment-in-Marbella-15.jpg","https:\/\/werentmarbella.com\/wp-content\/uploads\/2024\/02\/Luxury-3-Bed-Beachfront-Apartment-in-Marbella-20.jpg"],"video":"","pet-friendly":"false","smoking":"false","parties-or-events":"false"},"included":[],"neighborhoods":[],"property-status":[380],"features":[647,704,672,730,728,699,725,668,697,669,646,726,713,714,705,694,703,716,688,691,692,706,715],"location":[385,383,389],"property-type":[396],"class_list":["post-32864","real-estate","type-real-estate","status-publish","has-post-thumbnail","hentry","property-status-alquilar","features-aire-acondicionado","features-armario-o-closet","features-balcon","features-bano-privado","features-cocina","features-costero","features-ducha","features-exterior","features-frente-a-la-playa","features-frente-al-mar","features-interior","features-mesa-de-comedor","features-secador-de-pelo","features-sofa-es","features-terraza","features-terreno","features-toallas","features-tv-de-pantalla-plana","features-vista-al-mar","features-vista-del-agua","features-vista-panoramica","features-wifi-gratis","features-zona-de-estar","location-costa-del-sol-es","location-espana","location-marbella-es","property-type-apartamento"],"_links":{"self":[{"href":"https:\/\/werentmarbella.com\/es\/wp-json\/wp\/v2\/real-estate\/32864","targetHints":{"allow":["GET"]}}],"collection":[{"href":"https:\/\/werentmarbella.com\/es\/wp-json\/wp\/v2\/real-estate"}],"about":[{"href":"https:\/\/werentmarbella.com\/es\/wp-json\/wp\/v2\/types\/real-estate"}],"author":[{"embeddable":true,"href":"https:\/\/werentmarbella.com\/es\/wp-json\/wp\/v2\/users\/1"}],"wp:featuredmedia":[{"embeddable":true,"href":"https:\/\/werentmarbella.com\/es\/wp-json\/wp\/v2\/media\/30989"}],"wp:attachment":[{"href":"https:\/\/werentmarbella.com\/es\/wp-json\/wp\/v2\/media?parent=32864"}],"wp:term":[{"taxonomy":"included","embeddable":true,"href":"https:\/\/werentmarbella.com\/es\/wp-json\/wp\/v2\/included?post=32864"},{"taxonomy":"neighborhoods","embeddable":true,"href":"https:\/\/werentmarbella.com\/es\/wp-json\/wp\/v2\/neighborhoods?post=32864"},{"taxonomy":"property-status","embeddable":true,"href":"https:\/\/werentmarbella.com\/es\/wp-json\/wp\/v2\/property-status?post=32864"},{"taxonomy":"features","embeddable":true,"href":"https:\/\/werentmarbella.com\/es\/wp-json\/wp\/v2\/features?post=32864"},{"taxonomy":"location","embeddable":true,"href":"https:\/\/werentmarbella.com\/es\/wp-json\/wp\/v2\/location?post=32864"},{"taxonomy":"property-type","embeddable":true,"href":"https:\/\/werentmarbella.com\/es\/wp-json\/wp\/v2\/property-type?post=32864"}],"curies":[{"name":"wp","href":"https:\/\/api.w.org\/{rel}","templated":true}]}}

https://werentmarbella.com/es/bienes-raíces/apartamento-de-lujo-de-3-dormitorios-en-primera-linea-de-playa-en-marbella/

Apartamento de lujo de 3 dormitorios en primera línea de playa en Marbella

<p>A tan solo un breve paseo de la playa de El Faro y a tan solo 500 metros de la playa de La Bajadilla, descubra el epítome del lujo costero en el lujoso apartamento de 3 dormitorios frente al mar en Marbella. Con una terraza y un balcón con acceso directo a la playa, esta propiedad frente al mar es un paraíso para los amantes del mar. Situado a solo 700 metros del centro de la ciudad y a unos pasos de la playa de Venus, ofrece comodidad y serenidad.  </p>

<p></p>
