{"id":32886,"date":"2023-07-26T15:12:16","date_gmt":"2023-07-26T15:12:16","guid":{"rendered":"https:\/\/werentmarbella.com\/real-estate\/villa-la-sala-puerto-banus\/"},"modified":"2024-10-02T17:23:05","modified_gmt":"2024-10-02T17:23:05","slug":"villa-la-sala-puerto-banus","status":"publish","type":"real-estate","link":"https:\/\/werentmarbella.com\/es\/bienes-ra\u00edces\/villa-la-sala-puerto-banus\/","title":{"rendered":"Villa La Sala Puerto Ban\u00fas"},"content":{"rendered":"\n<p id=\"showMap2\"><a href=\"https:\/\/www.booking.com\/hotel\/es\/villa-la-sala-puerto-banus-marbella.es.html?aid=356980&amp;label=gog235jc-1DCAMYkgQoRkIIbWFyYmVsbGFIClgDaEaIAQGYAQq4ARfIAQzYAQPoAQH4AQKIAgGoAgO4AuXhhKYGwAIB0gIkYmRjYWFlMzEtMWRjZS00M2FhLThlN2MtNjEyNWRmZmExNGY32AIE4AIB&amp;sid=081b1d41c33da854c1d5753b39e051de#map_opened-hotel_address\" target=\"_blank\" rel=\"noopener\"><\/a>Bienvenido a la hermosa Villa La Sala Puerto Ban\u00fas, a poca distancia del lujoso puerto deportivo Puerto Ban\u00fas, Marbella. La casa tiene un toque moderno andaluz con 4 dormitorios, 2,5 ba\u00f1os con espacio para 8 personas. Bonita piscina grande para los d\u00edas soleados de verano y un rinc\u00f3n de barbacoa perfecto para tardes acogedoras. Disfrute de una experiencia con estilo en este lugar c\u00e9ntrico.   <a href=\"https:\/\/www.booking.com\/hotel\/es\/casa-arena-y-brisa-marbella.en-gb.html?aid=356980&amp;label=gog235jc-1DCAMYkgQoRkIIbWFyYmVsbGFIClgDaEaIAQGYAQq4ARfIAQzYAQPoAQH4AQKIAgGoAgO4AuXhhKYGwAIB0gIkYmRjYWFlMzEtMWRjZS00M2FhLThlN2MtNjEyNWRmZmExNGY32AIE4AIB&amp;sid=081b1d41c33da854c1d5753b39e051de&amp;lang=en-gb&amp;soz=1&amp;lang_changed=1#map_opened-hotel_address\" target=\"_blank\" rel=\"noopener\"><\/a><\/p>\n","protected":false},"author":1,"featured_media":28571,"template":"","meta":{"bedrooms":"4","bathrooms":"2.5","size":"350","plot":"","property-gallery":["https:\/\/werentmarbella.com\/wp-content\/uploads\/2023\/07\/Villa-La-Sala-Puerto-Banus-Marbella-Spain-1.jpg","https:\/\/werentmarbella.com\/wp-content\/uploads\/2023\/07\/Villa-La-Sala-Puerto-Banus-Marbella-Spain-2.jpg","https:\/\/werentmarbella.com\/wp-content\/uploads\/2023\/07\/Villa-La-Sala-Puerto-Banus-Marbella-Spain-3.jpg","https:\/\/werentmarbella.com\/wp-content\/uploads\/2023\/07\/Villa-La-Sala-Puerto-Banus-Marbella-Spain-4.jpg","https:\/\/werentmarbella.com\/wp-content\/uploads\/2023\/07\/Villa-La-Sala-Puerto-Banus-Marbella-Spain-5.jpg","https:\/\/werentmarbella.com\/wp-content\/uploads\/2023\/07\/Villa-La-Sala-Puerto-Banus-Marbella-Spain-6.jpg","https:\/\/werentmarbella.com\/wp-content\/uploads\/2023\/07\/Villa-La-Sala-Puerto-Banus-Marbella-Spain-7.jpg","https:\/\/werentmarbella.com\/wp-content\/uploads\/2023\/07\/Villa-La-Sala-Puerto-Banus-Marbella-Spain-8.jpg","https:\/\/werentmarbella.com\/wp-content\/uploads\/2023\/07\/Villa-La-Sala-Puerto-Banus-Marbella-Spain-9.jpg","https:\/\/werentmarbella.com\/wp-content\/uploads\/2023\/07\/Villa-La-Sala-Puerto-Banus-Marbella-Spain-10.jpg","https:\/\/werentmarbella.com\/wp-content\/uploads\/2023\/07\/Villa-La-Sala-Puerto-Banus-Marbella-Spain-11.jpg","https:\/\/werentmarbella.com\/wp-content\/uploads\/2023\/07\/Villa-La-Sala-Puerto-Banus-Marbella-Spain-12.jpg","https:\/\/werentmarbella.com\/wp-content\/uploads\/2023\/07\/Villa-La-Sala-Puerto-Banus-Marbella-Spain-13.jpg","https:\/\/werentmarbella.com\/wp-content\/uploads\/2023\/07\/Villa-La-Sala-Puerto-Banus-Marbella-Spain-14.jpg","https:\/\/werentmarbella.com\/wp-content\/uploads\/2023\/07\/Villa-La-Sala-Puerto-Banus-Marbella-Spain-15.jpg"],"video":"","pet-friendly":"false","smoking":"false","parties-or-events":"false"},"included":[777],"neighborhoods":[],"property-status":[380],"features":[724,725,668,646,680,700,674,705,694],"location":[385,383,389],"property-type":[400],"class_list":["post-32886","real-estate","type-real-estate","status-publish","has-post-thumbnail","hentry","included-entire-villa-es","property-status-alquilar","features-cocina-abierta","features-ducha","features-exterior","features-interior","features-jardin","features-moderno","features-piscina","features-terraza","features-terreno","location-costa-del-sol-es","location-espana","location-marbella-es","property-type-villa-es"],"_links":{"self":[{"href":"https:\/\/werentmarbella.com\/es\/wp-json\/wp\/v2\/real-estate\/32886","targetHints":{"allow":["GET"]}}],"collection":[{"href":"https:\/\/werentmarbella.com\/es\/wp-json\/wp\/v2\/real-estate"}],"about":[{"href":"https:\/\/werentmarbella.com\/es\/wp-json\/wp\/v2\/types\/real-estate"}],"author":[{"embeddable":true,"href":"https:\/\/werentmarbella.com\/es\/wp-json\/wp\/v2\/users\/1"}],"wp:featuredmedia":[{"embeddable":true,"href":"https:\/\/werentmarbella.com\/es\/wp-json\/wp\/v2\/media\/28571"}],"wp:attachment":[{"href":"https:\/\/werentmarbella.com\/es\/wp-json\/wp\/v2\/media?parent=32886"}],"wp:term":[{"taxonomy":"included","embeddable":true,"href":"https:\/\/werentmarbella.com\/es\/wp-json\/wp\/v2\/included?post=32886"},{"taxonomy":"neighborhoods","embeddable":true,"href":"https:\/\/werentmarbella.com\/es\/wp-json\/wp\/v2\/neighborhoods?post=32886"},{"taxonomy":"property-status","embeddable":true,"href":"https:\/\/werentmarbella.com\/es\/wp-json\/wp\/v2\/property-status?post=32886"},{"taxonomy":"features","embeddable":true,"href":"https:\/\/werentmarbella.com\/es\/wp-json\/wp\/v2\/features?post=32886"},{"taxonomy":"location","embeddable":true,"href":"https:\/\/werentmarbella.com\/es\/wp-json\/wp\/v2\/location?post=32886"},{"taxonomy":"property-type","embeddable":true,"href":"https:\/\/werentmarbella.com\/es\/wp-json\/wp\/v2\/property-type?post=32886"}],"curies":[{"name":"wp","href":"https:\/\/api.w.org\/{rel}","templated":true}]}}

https://werentmarbella.com/es/bienes-raíces/villa-la-sala-puerto-banus/

Villa La Sala Puerto Banús

<p id="showMap2"><a href="https://www.booking.com/hotel/es/villa-la-sala-puerto-banus-marbella.es.html?aid=356980&amp;label=gog235jc-1DCAMYkgQoRkIIbWFyYmVsbGFIClgDaEaIAQGYAQq4ARfIAQzYAQPoAQH4AQKIAgGoAgO4AuXhhKYGwAIB0gIkYmRjYWFlMzEtMWRjZS00M2FhLThlN2MtNjEyNWRmZmExNGY32AIE4AIB&amp;sid=081b1d41c33da854c1d5753b39e051de#map_opened-hotel_address" target="_blank" rel="noopener"></a>Bienvenido a la hermosa Villa La Sala Puerto Banús, a poca distancia del lujoso puerto deportivo Puerto Banús, Marbella. La casa tiene un toque moderno andaluz con 4 dormitorios, 2,5 baños con espacio para 8 personas. Bonita piscina grande para los días soleados de verano y un rincón de barbacoa perfecto para tardes acogedoras. Disfrute de una experiencia con estilo en este lugar céntrico.   <a href="https://www.booking.com/hotel/es/casa-arena-y-brisa-marbella.en-gb.html?aid=356980&amp;label=gog235jc-1DCAMYkgQoRkIIbWFyYmVsbGFIClgDaEaIAQGYAQq4ARfIAQzYAQPoAQH4AQKIAgGoAgO4AuXhhKYGwAIB0gIkYmRjYWFlMzEtMWRjZS00M2FhLThlN2MtNjEyNWRmZmExNGY32AIE4AIB&amp;sid=081b1d41c33da854c1d5753b39e051de&amp;lang=en-gb&amp;soz=1&amp;lang_changed=1#map_opened-hotel_address" target="_blank" rel="noopener"></a></p>
