{"id":34603,"date":"2023-08-27T11:17:10","date_gmt":"2023-08-27T11:17:10","guid":{"rendered":"https:\/\/werentmarbella.com\/real-estate\/anantara-villa-padierna-palace\/"},"modified":"2024-10-30T14:51:31","modified_gmt":"2024-10-30T14:51:31","slug":"anantara-villa-padierna-palace","status":"publish","type":"real-estate","link":"https:\/\/werentmarbella.com\/sr\/nekretnine\/anantara-villa-padierna-palace\/","title":{"rendered":"Anantara Villa Padierna Palace"},"content":{"rendered":"\n<p>Anantara Villa Padierna Palace je presti\u017eno luksuzno odmarali\u0161te sme\u0161teno u o\u010daravajuc\u0301em regionu Kosta del Sol u \u0160paniji. Sme\u0161ten u neposrednoj blizini Marbelje, ovo odmarali\u0161te predstavlja oli\u010denje prefinjene sofisticiranosti, mo\u017ee se pohvaliti izuzetnom arhitektonskom estetikom koja se neprimetno uskla\u0111uje sa njegovim prekrasnim prirodnim okru\u017eenjem. Sme\u0161ten u \u017eivopisnoj pozadini Andaluzije, odmarali\u0161te je strate\u0161ki locirano izme\u0111u \u0161armantnih mesta Marbelja, Benahavis i Estepona u ju\u017enom delu \u0160panije. Ovaj strate\u0161ki polo\u017eaj omoguc\u0301ava gostima da iskuse su\u0161tinu ovih zadivljujuc\u0301ih destinacija.   <\/p>\n","protected":false},"author":1,"featured_media":29342,"template":"","meta":{"bedrooms":"125","bathrooms":"125","size":"90","plot":"","property-gallery":["https:\/\/werentmarbella.com\/wp-content\/uploads\/2023\/08\/Anantara-Villa-Padierna-Palace-Benahavis-Marbella-1-1.jpg","https:\/\/werentmarbella.com\/wp-content\/uploads\/2023\/08\/Anantara-Villa-Padierna-Palace-Benahavis-Marbella-2.jpg","https:\/\/werentmarbella.com\/wp-content\/uploads\/2023\/08\/Anantara-Villa-Padierna-Palace-Benahavis-Marbella-3.jpg","https:\/\/werentmarbella.com\/wp-content\/uploads\/2023\/08\/Anantara-Villa-Padierna-Palace-Benahavis-Marbella-4.jpg","https:\/\/werentmarbella.com\/wp-content\/uploads\/2023\/08\/Anantara-Villa-Padierna-Palace-Benahavis-Marbella-5.jpg","https:\/\/werentmarbella.com\/wp-content\/uploads\/2023\/08\/Anantara-Villa-Padierna-Palace-Benahavis-Marbella-6.jpg","https:\/\/werentmarbella.com\/wp-content\/uploads\/2023\/08\/Anantara-Villa-Padierna-Palace-Benahavis-Marbella-7.jpg","https:\/\/werentmarbella.com\/wp-content\/uploads\/2023\/08\/Anantara-Villa-Padierna-Palace-Benahavis-Marbella-8.jpg","https:\/\/werentmarbella.com\/wp-content\/uploads\/2023\/08\/Anantara-Villa-Padierna-Palace-Benahavis-Marbella-9.jpg","https:\/\/werentmarbella.com\/wp-content\/uploads\/2023\/08\/Anantara-Villa-Padierna-Palace-Benahavis-Marbella-10.jpg","https:\/\/werentmarbella.com\/wp-content\/uploads\/2023\/08\/Anantara-Villa-Padierna-Palace-Benahavis-Marbella-11.jpg","https:\/\/werentmarbella.com\/wp-content\/uploads\/2023\/08\/Anantara-Villa-Padierna-Palace-Benahavis-Marbella-12.jpg","https:\/\/werentmarbella.com\/wp-content\/uploads\/2023\/08\/Anantara-Villa-Padierna-Palace-Benahavis-Marbella-13.jpg","https:\/\/werentmarbella.com\/wp-content\/uploads\/2023\/08\/Anantara-Villa-Padierna-Palace-Benahavis-Marbella-14.jpg","https:\/\/werentmarbella.com\/wp-content\/uploads\/2023\/08\/Anantara-Villa-Padierna-Palace-Benahavis-Marbella-15.jpg","https:\/\/werentmarbella.com\/wp-content\/uploads\/2023\/08\/Anantara-Villa-Padierna-Palace-Benahavis-Marbella-16.jpg","https:\/\/werentmarbella.com\/wp-content\/uploads\/2023\/08\/Anantara-Villa-Padierna-Palace-Benahavis-Marbella-17.jpg","https:\/\/werentmarbella.com\/wp-content\/uploads\/2023\/08\/Anantara-Villa-Padierna-Palace-Benahavis-Marbella-18.jpg","https:\/\/werentmarbella.com\/wp-content\/uploads\/2023\/08\/Anantara-Villa-Padierna-Palace-Benahavis-Marbella-19.jpg","https:\/\/werentmarbella.com\/wp-content\/uploads\/2023\/08\/Anantara-Villa-Padierna-Palace-Benahavis-Marbella-20.jpg","https:\/\/werentmarbella.com\/wp-content\/uploads\/2023\/08\/Anantara-Villa-Padierna-Palace-Benahavis-Marbella-21.jpg","https:\/\/werentmarbella.com\/wp-content\/uploads\/2023\/08\/Anantara-Villa-Padierna-Palace-Benahavis-Marbella-22.jpg","https:\/\/werentmarbella.com\/wp-content\/uploads\/2023\/08\/Anantara-Villa-Padierna-Palace-Benahavis-Marbella-23.jpg","https:\/\/werentmarbella.com\/wp-content\/uploads\/2023\/08\/Anantara-Villa-Padierna-Palace-Benahavis-Marbella-24.jpg","https:\/\/werentmarbella.com\/wp-content\/uploads\/2023\/08\/Anantara-Villa-Padierna-Palace-Benahavis-Marbella-25.jpg","https:\/\/werentmarbella.com\/wp-content\/uploads\/2023\/08\/Anantara-Villa-Padierna-Palace-Benahavis-Marbella-26.jpg","https:\/\/werentmarbella.com\/wp-content\/uploads\/2023\/08\/Anantara-Villa-Padierna-Palace-Benahavis-Marbella-27.jpg","https:\/\/werentmarbella.com\/wp-content\/uploads\/2023\/08\/Anantara-Villa-Padierna-Palace-Benahavis-Marbella-28.jpg","https:\/\/werentmarbella.com\/wp-content\/uploads\/2023\/08\/Anantara-Villa-Padierna-Palace-Benahavis-Marbella-29.jpg","https:\/\/werentmarbella.com\/wp-content\/uploads\/2023\/08\/Anantara-Villa-Padierna-Palace-Benahavis-Marbella-30.jpg","https:\/\/werentmarbella.com\/wp-content\/uploads\/2023\/08\/Anantara-Villa-Padierna-Palace-Benahavis-Marbella-31.jpg","https:\/\/werentmarbella.com\/wp-content\/uploads\/2023\/08\/Anantara-Villa-Padierna-Palace-Benahavis-Marbella-32.jpg","https:\/\/werentmarbella.com\/wp-content\/uploads\/2023\/08\/Anantara-Villa-Padierna-Palace-Benahavis-Marbella-33.jpg","https:\/\/werentmarbella.com\/wp-content\/uploads\/2023\/08\/Anantara-Villa-Padierna-Palace-Benahavis-Marbella-34.jpg","https:\/\/werentmarbella.com\/wp-content\/uploads\/2023\/08\/Anantara-Villa-Padierna-Palace-Benahavis-Marbella-35.jpg","https:\/\/werentmarbella.com\/wp-content\/uploads\/2023\/08\/Anantara-Villa-Padierna-Palace-Benahavis-Marbella-36.jpg","https:\/\/werentmarbella.com\/wp-content\/uploads\/2023\/08\/Anantara-Villa-Padierna-Palace-Benahavis-Marbella-37.jpg","https:\/\/werentmarbella.com\/wp-content\/uploads\/2023\/08\/Anantara-Villa-Padierna-Palace-Benahavis-Marbella-38.jpg","https:\/\/werentmarbella.com\/wp-content\/uploads\/2023\/08\/Anantara-Villa-Padierna-Palace-Benahavis-Marbella-39.jpg"],"video":"","pet-friendly":"true","smoking":"false","parties-or-events":"false"},"included":[778],"neighborhoods":[408,409],"property-status":[362],"features":[492,526,467,497,534,507,521,456,460,539,461,465,543,546,454,453,501,554,522,541,486,550,537,547,549,520,478,488,506,493,468,476,503,528,480,482,532,540,494,481,530,524,464,484,542,455,510,459,462,491,452],"location":[386,384,382],"property-type":[359],"class_list":["post-34603","real-estate","type-real-estate","status-publish","has-post-thumbnail","hentry","included-private-room-sr","neighborhoods-benahavis-sr","neighborhoods-los-flamingos-sr","property-status-zakup","features-2-bazena","features-24-casovno-obezbedenje","features-alarmi-za-dim-sr","features-aparat-za-kafu","features-aparati-za-gasenje-pozara","features-balkon","features-basta","features-bazen","features-besplatan-parking","features-besplatne-toaletne-potrepstine","features-besplatni-internet","features-bezbednost","features-cctv-van-imanja","features-dorucak-u-sobi","features-eksterijer","features-enterijer","features-fen","features-fitness-centar","features-garaza","features-grejanje","features-klima-uredaj","features-konsijerz-servis","features-kuvalo-za-vodu","features-minibar-sr","features-ostava-za-prtljag","features-parking-sr","features-peskiri-sr","features-pogled-na-bazen","features-pogled-na-more","features-pogled-na-planinu","features-pogled-na-vrt","features-posteljina","features-prevoz","features-pristup-kljucnom-karticom","features-privatno-kupatilo-sr","features-prostor-za-sedenje","features-sauna-sr","features-sef","features-slikovit-pogled","features-sofa-sr","features-spa-i-wellness-centar-sr","features-spa-i-wellness-centar","features-spoljni-namestaj","features-televizor-sa-ravnim-ekranom","features-teniski-teren","features-terasa","features-terasa-za-suncanje","features-tus","features-ulicni-parking","features-usluge-sr","features-zemljiste","location-estepona-sr","location-kosta-del-sol","location-spanija","property-type-hotel-sr"],"_links":{"self":[{"href":"https:\/\/werentmarbella.com\/sr\/wp-json\/wp\/v2\/real-estate\/34603","targetHints":{"allow":["GET"]}}],"collection":[{"href":"https:\/\/werentmarbella.com\/sr\/wp-json\/wp\/v2\/real-estate"}],"about":[{"href":"https:\/\/werentmarbella.com\/sr\/wp-json\/wp\/v2\/types\/real-estate"}],"author":[{"embeddable":true,"href":"https:\/\/werentmarbella.com\/sr\/wp-json\/wp\/v2\/users\/1"}],"wp:featuredmedia":[{"embeddable":true,"href":"https:\/\/werentmarbella.com\/sr\/wp-json\/wp\/v2\/media\/29342"}],"wp:attachment":[{"href":"https:\/\/werentmarbella.com\/sr\/wp-json\/wp\/v2\/media?parent=34603"}],"wp:term":[{"taxonomy":"included","embeddable":true,"href":"https:\/\/werentmarbella.com\/sr\/wp-json\/wp\/v2\/included?post=34603"},{"taxonomy":"neighborhoods","embeddable":true,"href":"https:\/\/werentmarbella.com\/sr\/wp-json\/wp\/v2\/neighborhoods?post=34603"},{"taxonomy":"property-status","embeddable":true,"href":"https:\/\/werentmarbella.com\/sr\/wp-json\/wp\/v2\/property-status?post=34603"},{"taxonomy":"features","embeddable":true,"href":"https:\/\/werentmarbella.com\/sr\/wp-json\/wp\/v2\/features?post=34603"},{"taxonomy":"location","embeddable":true,"href":"https:\/\/werentmarbella.com\/sr\/wp-json\/wp\/v2\/location?post=34603"},{"taxonomy":"property-type","embeddable":true,"href":"https:\/\/werentmarbella.com\/sr\/wp-json\/wp\/v2\/property-type?post=34603"}],"curies":[{"name":"wp","href":"https:\/\/api.w.org\/{rel}","templated":true}]}}

<p>Anantara Villa Padierna Palace je prestižno luksuzno odmaralište smešteno u očaravajućem regionu Kosta del Sol u Španiji. Smešten u neposrednoj blizini Marbelje, ovo odmaralište predstavlja oličenje prefinjene sofisticiranosti, može se pohvaliti izuzetnom arhitektonskom estetikom koja se neprimetno usklađuje sa njegovim prekrasnim prirodnim okruženjem. Smešten u živopisnoj pozadini Andaluzije, odmaralište je strateški locirano između šarmantnih mesta Marbelja, Benahavis i Estepona u južnom delu Španije. Ovaj strateški položaj omogućava gostima da iskuse suštinu ovih zadivljujućih destinacija.   </p>
